{"id":228,"date":"2023-05-10T13:49:33","date_gmt":"2023-05-10T11:49:33","guid":{"rendered":"http:\/\/lfs.bachelormarketingvente.fr\/?page_id=228"},"modified":"2025-03-07T10:08:27","modified_gmt":"2025-03-07T09:08:27","slug":"bilan-professionnel","status":"publish","type":"page","link":"https:\/\/www.formation-sterilisation.fr\/home\/index.php\/bilan-professionnel\/","title":{"rendered":"BILAN PROFESSIONNEL"},"content":{"rendered":"\n<p>Conform\u00e9ment \u00e0 notre syst\u00e8me qualit\u00e9 et comme le demande le r\u00e9f\u00e9rentiel, nous sommes attentif \u00e0 la satisfaction des participants et \u00e0 l&#8217;obtention des objectifs. Nous sommes, par cons\u00e9quent, en mesure de vous partager les r\u00e9sultats par ann\u00e9e et par cat\u00e9gorie de formation.<br>&#8211;<a href=\"https:\/\/www.formation-sterilisation.fr\/images\/DLFS009v3 - 2022 - CA satisfaction.pdf\">Analyse de la satisfaction des formation \u00e0 la conduite des autoclaves<\/a> &#8211; 2022<\/p>\n\n\n\n<p>&#8211;<a href=\"https:\/\/www.formation-sterilisation.fr\/images\/DLFS009v3 - 2022 - CA Objectifs.pdf\">Analyse du b\u00e9n\u00e9fice de la formation et de l&#8217;obtention des objectifs des formations \u00e0 la conduites des autoclaves<\/a> &#8211; 2022<\/p>\n\n\n\n<p>&#8211;<a href=\"https:\/\/www.formation-sterilisation.fr\/images\/DLFS009v3 - 2022 - BPS Satisfaction.pdf\">Analyse de la satisfaction des formations aux bonnes pratiques de st\u00e9rilisation<\/a> &#8211; 2022<\/p>\n\n\n\n<p>&#8211;<a href=\"https:\/\/www.formation-sterilisation.fr\/images\/DLFS009v3 - 2022 - BPS Objectifs.pdf\">Analyse du b\u00e9n\u00e9fice de la formation et de l&#8217;obtention des objectifs des formations aux bonnes pratiques de st\u00e9rilisation<\/a> &#8211; 2022<\/p>\n\n\n\n<p>&#8211;<a href=\"https:\/\/www.formation-sterilisation.fr\/images\/DLFS009v3 - 2022 - CA satisfaction.pdf\">Analyse de la satisfaction des formation \u00e0 la conduite des autoclaves<\/a> &#8211; 2023<\/p>\n\n\n\n<p>&#8211;<a href=\"https:\/\/www.formation-sterilisation.fr\/images\/DLFS009v3 - 2022 - CA Objectifs.pdf\">Analyse du b\u00e9n\u00e9fice de la formation et de l&#8217;obtention des objectifs des formations \u00e0 la conduites des autoclaves<\/a> &#8211; 2023<\/p>\n\n\n\n<p>&#8211;<a href=\"https:\/\/www.formation-sterilisation.fr\/images\/DLFS009v3 - 2022 - BPS Satisfaction.pdf\">Analyse de la satisfaction des formations aux bonnes pratiques de st\u00e9rilisation<\/a> &#8211; 2023<\/p>\n\n\n\n<p>&#8211;<a href=\"https:\/\/www.formation-sterilisation.fr\/images\/DLFS009v3 - 2022 - BPS Objectifs.pdf\">Analyse du b\u00e9n\u00e9fice de la formation et de l&#8217;obtention des objectifs des formations aux bonnes pratiques de st\u00e9rilisation<\/a> &#8211; 2023<\/p>\n\n\n\n<p><\/p>\n","protected":false},"excerpt":{"rendered":"<p>Conform\u00e9ment \u00e0 notre syst\u00e8me qualit\u00e9 et comme le demande le r\u00e9f\u00e9rentiel, nous sommes attentif \u00e0 la satisfaction des participants et \u00e0 l&#8217;obtention des objectifs. Nous &hellip;<\/p>\n","protected":false},"author":1,"featured_media":0,"parent":0,"menu_order":0,"comment_status":"closed","ping_status":"closed","template":"","meta":{"footnotes":""},"class_list":["post-228","page","type-page","status-publish","hentry"],"_links":{"self":[{"href":"https:\/\/www.formation-sterilisation.fr\/home\/index.php\/wp-json\/wp\/v2\/pages\/228","targetHints":{"allow":["GET"]}}],"collection":[{"href":"https:\/\/www.formation-sterilisation.fr\/home\/index.php\/wp-json\/wp\/v2\/pages"}],"about":[{"href":"https:\/\/www.formation-sterilisation.fr\/home\/index.php\/wp-json\/wp\/v2\/types\/page"}],"author":[{"embeddable":true,"href":"https:\/\/www.formation-sterilisation.fr\/home\/index.php\/wp-json\/wp\/v2\/users\/1"}],"replies":[{"embeddable":true,"href":"https:\/\/www.formation-sterilisation.fr\/home\/index.php\/wp-json\/wp\/v2\/comments?post=228"}],"version-history":[{"count":3,"href":"https:\/\/www.formation-sterilisation.fr\/home\/index.php\/wp-json\/wp\/v2\/pages\/228\/revisions"}],"predecessor-version":[{"id":659,"href":"https:\/\/www.formation-sterilisation.fr\/home\/index.php\/wp-json\/wp\/v2\/pages\/228\/revisions\/659"}],"wp:attachment":[{"href":"https:\/\/www.formation-sterilisation.fr\/home\/index.php\/wp-json\/wp\/v2\/media?parent=228"}],"curies":[{"name":"wp","href":"https:\/\/api.w.org\/{rel}","templated":true}]}}