{"id":8,"date":"2023-03-21T09:02:30","date_gmt":"2023-03-21T08:02:30","guid":{"rendered":"http:\/\/lfs.bachelormarketingvente.fr\/?page_id=2"},"modified":"2025-03-06T22:53:32","modified_gmt":"2025-03-06T21:53:32","slug":"page-d-exemple-2","status":"publish","type":"page","link":"https:\/\/www.formation-sterilisation.fr\/home\/","title":{"rendered":"Accueil"},"content":{"rendered":"<div class=\"wp-block-image\">\n<figure class=\"aligncenter size-large\"><img decoding=\"async\" src=\"http:\/\/lfs.bachelormarketingvente.fr\/wp-content\/uploads\/2023\/05\/photo-output-1024x713.jpeg\" alt=\"\" class=\"wp-image-339\"\/><figcaption class=\"wp-element-caption\">Accueil<\/figcaption><\/figure>\n<\/div>\n\n\n<p>Bienvenue sur l\u2019accueil du  site de Lebon Formation St\u00e9rilisation, votre partenaire de confiance pour une expertise en mati\u00e8re de st\u00e9rilisation. Chez Lebon, nous croyons fermement en l&#8217;importance de pratiques st\u00e9riles irr\u00e9prochables, et c&#8217;est pourquoi nous nous engageons \u00e0 vous offrir des formations de qualit\u00e9 sup\u00e9rieure.<\/p>\n\n\n\n<h2 class=\"wp-block-heading\">Objectifs de notre accueil : <\/h2>\n\n\n\n<p>Notre objectif est de vous fournir les connaissances et les comp\u00e9tences n\u00e9cessaires pour exceller dans le domaine de la st\u00e9rilisation. Que vous soyez un professionnel de la sant\u00e9, un technicien en st\u00e9rilisation ou un responsable d&#8217;une unit\u00e9 de st\u00e9rilisation, nous avons des programmes adapt\u00e9s \u00e0 vos besoins sp\u00e9cifiques.<\/p>\n\n\n\n<p>Nous comprenons que la st\u00e9rilisation est un \u00e9l\u00e9ment essentiel de la s\u00e9curit\u00e9 des patients et de la qualit\u00e9 des soins de sant\u00e9. C&#8217;est pourquoi notre \u00e9quipe d&#8217;experts qualifi\u00e9s met tout en \u0153uvre pour vous fournir une formation de pointe, bas\u00e9e sur les derni\u00e8res normes et les meilleures pratiques de l&#8217;industrie..<\/p>\n\n\n\n<p>Lorsque vous choisissez Lebon Formation St\u00e9rilisation, vous choisissez l&#8217;excellence. Nous sommes fiers de notre r\u00e9putation d&#8217;excellence en mati\u00e8re de formation et nous nous engageons \u00e0 vous offrir une exp\u00e9rience d&#8217;apprentissage enrichissante. Nos programmes de formation sont con\u00e7us de mani\u00e8re \u00e0 \u00eatre interactifs et pratiques, vous permettant d&#8217;acqu\u00e9rir les comp\u00e9tences n\u00e9cessaires de mani\u00e8re efficace et engageante.<\/p>\n\n\n\n<p>De plus, nous restons constamment \u00e0 l&#8217;aff\u00fbt des nouvelles tendances et des avanc\u00e9es technologiques dans le domaine de la st\u00e9rilisation. Nous mettons \u00e0 jour r\u00e9guli\u00e8rement nos programmes de formation pour vous offrir les connaissances les plus r\u00e9centes et les techniques les plus avanc\u00e9es. Nous croyons en l&#8217;importance de l&#8217;apprentissage continu, et nous sommes d\u00e9termin\u00e9s \u00e0 vous fournir les outils n\u00e9cessaires pour rester \u00e0 la pointe de votre domaine.<\/p>\n\n\n\n<p>N&#8217;attendez plus, prenez part \u00e0 la r\u00e9volution de la st\u00e9rilisation avec Lebon Formation St\u00e9rilisation. Parcourez notre site pour en savoir plus sur nos programmes de formation, nos formateurs qualifi\u00e9s et nos services sur mesure. Contactez-nous d\u00e8s aujourd&#8217;hui pour commencer votre parcours vers l&#8217;excellence en mati\u00e8re de st\u00e9rilisation.<\/p>\n\n\n\n<p><\/p>\n\n\n\n<h2 class=\"wp-block-heading\"><strong>Pr\u00e9requis\u00a0<\/strong>:<\/h2>\n\n\n\n<p>Avant d\u2019inscrire les participants et pour garantir l\u2019obtention des objectifs, il est souhaitable de respecter les conditions ci-dessous&nbsp;:<\/p>\n\n\n\n<p><strong>Les formations ne peuvent pas accueillir plus de 10 participants<\/strong>.<\/p>\n\n\n\n<p>Il est souhaitable que les participants aient quelques connaissances dans le domaine de la st\u00e9rilisation. Il est fortement recommand\u00e9 qu\u2019ils connaissent d\u00e9j\u00e0 leur service et qu\u2019ils aient d\u00e9j\u00e0 vu un autoclave.<\/p>\n\n\n\n<p>Les profils ci-dessous sont ceux \u00e0 privil\u00e9gier&nbsp;:<\/p>\n\n\n\n<p>-Agent de st\u00e9rilisation en poste ou ayant \u00e9t\u00e9 en poste pr\u00e9c\u00e9demment.<\/p>\n\n\n\n<p>-Titulaire d\u2019un bac pro hygi\u00e8ne, propret\u00e9 et st\u00e9rilisation.<\/p>\n\n\n\n<p>-Personnel du service biom\u00e9dical (techniciens et ing\u00e9nieurs)<\/p>\n\n\n\n<p>-Personnel du service technique (techniciens et ing\u00e9nieurs)<\/p>\n\n\n\n<p>-Personnel de la pharmacie (pr\u00e9paratrices et pharmacien)<\/p>\n\n\n\n<p>-Personnel du bloc op\u00e9ratoire (brancardiers, panseuses, IBODE, chef de bloc)<\/p>\n\n\n\n<p>-Personnel des services de soin.<\/p>\n\n\n\n<p>Pour les autres profils, il est recommand\u00e9 de r\u00e9clamer un questionnaire avant inscription pour v\u00e9rifier les connaissances de base de l\u2019int\u00e9ress\u00e9.<\/p>\n\n\n\n<p>Un avis favorable pour la participation est rendu \u00e0 partir de 9 points obtenus.<\/p>\n\n\n\n<p>Si une note inf\u00e9rieure est obtenue, l\u2019int\u00e9ress\u00e9 est aiguill\u00e9, afin d\u2019obtenir les connaissances minimales requises (fourniture de documents et conseils) et pouvoir participer \u00e0 la formation (apr\u00e8s une nouvelle tentative au questionnaire avant inscription).<\/p>\n\n\n\n<p>Pour les personnes sous handicap (notamment tous les troubles de la lecture et de l\u2019\u00e9criture), pourront passer le test oralement en appelant le num\u00e9ro de la soci\u00e9t\u00e9&nbsp;:<\/p>\n\n\n\n<p>06.17.28.17.23<\/p>\n","protected":false},"excerpt":{"rendered":"<p>Bienvenue sur l\u2019accueil du site de Lebon Formation St\u00e9rilisation, votre partenaire de confiance pour une expertise en mati\u00e8re de st\u00e9rilisation. Chez Lebon, nous croyons fermement &hellip;<\/p>\n","protected":false},"author":1,"featured_media":0,"parent":0,"menu_order":0,"comment_status":"closed","ping_status":"open","template":"","meta":{"footnotes":""},"class_list":["post-8","page","type-page","status-publish","hentry"],"_links":{"self":[{"href":"https:\/\/www.formation-sterilisation.fr\/home\/index.php\/wp-json\/wp\/v2\/pages\/8","targetHints":{"allow":["GET"]}}],"collection":[{"href":"https:\/\/www.formation-sterilisation.fr\/home\/index.php\/wp-json\/wp\/v2\/pages"}],"about":[{"href":"https:\/\/www.formation-sterilisation.fr\/home\/index.php\/wp-json\/wp\/v2\/types\/page"}],"author":[{"embeddable":true,"href":"https:\/\/www.formation-sterilisation.fr\/home\/index.php\/wp-json\/wp\/v2\/users\/1"}],"replies":[{"embeddable":true,"href":"https:\/\/www.formation-sterilisation.fr\/home\/index.php\/wp-json\/wp\/v2\/comments?post=8"}],"version-history":[{"count":1,"href":"https:\/\/www.formation-sterilisation.fr\/home\/index.php\/wp-json\/wp\/v2\/pages\/8\/revisions"}],"predecessor-version":[{"id":640,"href":"https:\/\/www.formation-sterilisation.fr\/home\/index.php\/wp-json\/wp\/v2\/pages\/8\/revisions\/640"}],"wp:attachment":[{"href":"https:\/\/www.formation-sterilisation.fr\/home\/index.php\/wp-json\/wp\/v2\/media?parent=8"}],"curies":[{"name":"wp","href":"https:\/\/api.w.org\/{rel}","templated":true}]}}